{"id":833,"date":"2023-11-16T13:37:57","date_gmt":"2023-11-16T12:37:57","guid":{"rendered":"https:\/\/learninglab.ensma.fr\/?page_id=833"},"modified":"2023-11-16T13:37:57","modified_gmt":"2023-11-16T12:37:57","slug":"votar","status":"publish","type":"page","link":"https:\/\/learninglab.ensma.fr\/index.php\/ressources\/votar\/","title":{"rendered":"VotAR"},"content":{"rendered":"\n<p>C\u2019est un syst\u00e8me de vote en r\u00e9alit\u00e9 augment\u00e9 qui permet de sonder une audience.<\/p>\n\n\n\n<p><strong>Principe&nbsp;:<\/strong> Chaque participant doit tenir une feuille imprim\u00e9e avec un symbole pr\u00e9cis et l\u2019animateur doit prendre une photo des participants \u00e0 l\u2019aide de l\u2019application Android*, qui l\u2019analysera et comptera les votes.<\/p>\n\n\n\n<p><em>*Application \u00ab\u00a0VotAR\u00a0\u00bb uniquement sur Android<\/em><\/p>\n\n\n<div class=\"wp-block-image\">\n<figure class=\"aligncenter size-full is-resized\"><img loading=\"lazy\" decoding=\"async\" width=\"504\" height=\"330\" src=\"https:\/\/learninglab.ensma.fr\/wp-content\/uploads\/2023\/11\/image-3.png\" alt=\"\" class=\"wp-image-834\" style=\"width:596px;height:auto\" srcset=\"https:\/\/learninglab.ensma.fr\/wp-content\/uploads\/2023\/11\/image-3.png 504w, https:\/\/learninglab.ensma.fr\/wp-content\/uploads\/2023\/11\/image-3-300x196.png 300w\" sizes=\"auto, (max-width: 504px) 100vw, 504px\" \/><\/figure>\n<\/div>","protected":false},"excerpt":{"rendered":"<p>C\u2019est un syst\u00e8me de vote en r\u00e9alit\u00e9 augment\u00e9 qui permet de sonder une audience. Principe&nbsp;: Chaque participant doit tenir une feuille imprim\u00e9e avec un symbole pr\u00e9cis et l\u2019animateur doit prendre une photo des participants \u00e0 l\u2019aide de l\u2019application Android*, qui l\u2019analysera et comptera les votes. *Application \u00ab\u00a0VotAR\u00a0\u00bb uniquement sur Android<\/p>\n","protected":false},"author":7,"featured_media":0,"parent":207,"menu_order":0,"comment_status":"closed","ping_status":"closed","template":"","meta":{"footnotes":""},"class_list":["post-833","page","type-page","status-publish","hentry"],"_links":{"self":[{"href":"https:\/\/learninglab.ensma.fr\/index.php\/wp-json\/wp\/v2\/pages\/833","targetHints":{"allow":["GET"]}}],"collection":[{"href":"https:\/\/learninglab.ensma.fr\/index.php\/wp-json\/wp\/v2\/pages"}],"about":[{"href":"https:\/\/learninglab.ensma.fr\/index.php\/wp-json\/wp\/v2\/types\/page"}],"author":[{"embeddable":true,"href":"https:\/\/learninglab.ensma.fr\/index.php\/wp-json\/wp\/v2\/users\/7"}],"replies":[{"embeddable":true,"href":"https:\/\/learninglab.ensma.fr\/index.php\/wp-json\/wp\/v2\/comments?post=833"}],"version-history":[{"count":1,"href":"https:\/\/learninglab.ensma.fr\/index.php\/wp-json\/wp\/v2\/pages\/833\/revisions"}],"predecessor-version":[{"id":835,"href":"https:\/\/learninglab.ensma.fr\/index.php\/wp-json\/wp\/v2\/pages\/833\/revisions\/835"}],"up":[{"embeddable":true,"href":"https:\/\/learninglab.ensma.fr\/index.php\/wp-json\/wp\/v2\/pages\/207"}],"wp:attachment":[{"href":"https:\/\/learninglab.ensma.fr\/index.php\/wp-json\/wp\/v2\/media?parent=833"}],"curies":[{"name":"wp","href":"https:\/\/api.w.org\/{rel}","templated":true}]}}