{"id":963,"date":"2025-08-27T16:33:00","date_gmt":"2025-08-27T14:33:00","guid":{"rendered":"https:\/\/learninglab.ensma.fr\/?page_id=963"},"modified":"2025-11-04T16:16:35","modified_gmt":"2025-11-04T15:16:35","slug":"open-badges","status":"publish","type":"page","link":"https:\/\/learninglab.ensma.fr\/index.php\/open-badges\/","title":{"rendered":"Open Badges"},"content":{"rendered":"\n<p class=\"has-medium-font-size\">Les Open Badges \u00e0 l&rsquo;ISAE-ENSMA<\/p>\n\n\n\n<p><\/p>\n\n\n\n<p>Depuis<strong> janvier 2025<\/strong>, notre \u00e9tablissement s\u2019est engag\u00e9 dans une nouvelle d\u00e9marche de <strong>reconnaissance des comp\u00e9tences et de l\u2019engagement \u00e9tudiant<\/strong> gr\u00e2ce \u00e0 la mise en place des Open Badges.<\/p>\n\n\n\n<p class=\"has-medium-font-size\"><strong>Qu\u2019est-ce qu\u2019un Open Badge ?<\/strong><\/p>\n\n\n\n<p>Les Open Badges sont des <strong>insignes num\u00e9riques<\/strong> qui permettent d\u2019attester officiellement de <strong>comp\u00e9tences, d\u2019engagements ou de r\u00e9alisations<\/strong> acquises dans le cadre de la vie scolaire, extra-scolaire ou de la formation.<br>Ils peuvent \u00eatre int\u00e9gr\u00e9s au portefeuille num\u00e9rique de l\u2019\u00e9tudiant, partag\u00e9s sur un CV, un profil LinkedIn ou toute autre plateforme professionnelle.<\/p>\n\n\n<div class=\"wp-block-image\">\n<figure class=\"aligncenter size-full is-resized\"><img loading=\"lazy\" decoding=\"async\" width=\"500\" height=\"500\" src=\"https:\/\/learninglab.ensma.fr\/wp-content\/uploads\/2025\/11\/Badge-MOOC-INTERCULTURALITE.png\" alt=\"\" class=\"wp-image-1007\" style=\"width:248px;height:auto\" srcset=\"https:\/\/learninglab.ensma.fr\/wp-content\/uploads\/2025\/11\/Badge-MOOC-INTERCULTURALITE.png 500w, https:\/\/learninglab.ensma.fr\/wp-content\/uploads\/2025\/11\/Badge-MOOC-INTERCULTURALITE-300x300.png 300w, https:\/\/learninglab.ensma.fr\/wp-content\/uploads\/2025\/11\/Badge-MOOC-INTERCULTURALITE-150x150.png 150w\" sizes=\"auto, (max-width: 500px) 100vw, 500px\" \/><\/figure>\n<\/div>\n\n\n<p class=\"has-medium-font-size\"><strong>Six badges cr\u00e9\u00e9s depuis janvier 2025<\/strong><\/p>\n\n\n\n<p>Depuis le lancement du dispositif, six badges ont \u00e9t\u00e9 cr\u00e9\u00e9s pour valoriser les diff\u00e9rents aspects de la vie \u00e9tudiante au sein de notre \u00e9tablissement.<\/p>\n\n\n\n<p><strong>Ces badges sont r\u00e9partis en trois grandes cat\u00e9gories :<\/strong><\/p>\n\n\n\n<p class=\"has-medium-font-size\">Vie scolaire<\/p>\n\n\n\n<ul class=\"wp-block-list\">\n<li><strong>D\u00e9l\u00e9gu\u00e9(e) \u00e9l\u00e8ve :<\/strong> reconnaissance de l\u2019investissement dans la repr\u00e9sentation des \u00e9tudiants au sein des promotions et des instances.<\/li>\n\n\n\n<li><strong>\u00c9tudiant(e) engag\u00e9(e) en conseil : <\/strong>valorise la participation active aux conseils et commissions de l\u2019\u00e9tablissement.<\/li>\n\n\n\n<li><strong>Ambassadeur en salon :<\/strong> r\u00e9compense la contribution \u00e0 la promotion de l\u2019\u00e9tablissement lors de salons, forums ou journ\u00e9es portes ouvertes.<\/li>\n<\/ul>\n\n\n\n<p class=\"has-medium-font-size\">En formation<\/p>\n\n\n\n<ul class=\"wp-block-list\">\n<li><strong>Top 3 acad\u00e9mique :<\/strong> attribu\u00e9 aux \u00e9tudiants ayant obtenu les meilleurs r\u00e9sultats de leur promotion.<\/li>\n\n\n\n<li><strong>J\u2019ai suivi le MOOC Interculturalit\u00e9 :<\/strong> reconna\u00eet la d\u00e9marche d\u2019ouverture et de formation continue autour des comp\u00e9tences interculturelles.<\/li>\n<\/ul>\n\n\n\n<p class=\"has-medium-font-size\">Vie extra-scolaire<\/p>\n\n\n\n<ul class=\"wp-block-list\">\n<li><strong>Pr\u00e9sident(e) de club ou d\u2019association \u00e9tudiante :<\/strong> valorise l\u2019engagement associatif et le leadership au sein de la vie de campus.<\/li>\n<\/ul>\n\n\n\n<p class=\"has-medium-font-size\"><strong>Une reconnaissance ouverte et valorisante<\/strong><\/p>\n\n\n\n<p>Avec ces Open Badges, l\u2019\u00e9tablissement souhaite <strong>encourager et rendre visible<\/strong> la diversit\u00e9 des parcours \u00e9tudiants.<br>Qu\u2019il s\u2019agisse d\u2019un engagement citoyen, associatif, acad\u00e9mique ou professionnel, chaque exp\u00e9rience compte et m\u00e9rite d\u2019\u00eatre reconnue.<\/p>\n\n\n\n<p>Cette initiative s\u2019inscrit dans une d\u00e9marche globale de <strong>valorisation des comp\u00e9tences transversales et d\u2019accompagnement \u00e0 l\u2019insertion professionnelle<\/strong> des \u00e9tudiants.<\/p>\n\n\n\n<p><\/p>\n","protected":false},"excerpt":{"rendered":"<p>Les Open Badges \u00e0 l&rsquo;ISAE-ENSMA Depuis janvier 2025, notre \u00e9tablissement s\u2019est engag\u00e9 dans une nouvelle d\u00e9marche de reconnaissance des comp\u00e9tences et de l\u2019engagement \u00e9tudiant gr\u00e2ce \u00e0 la mise en place des Open Badges. Qu\u2019est-ce qu\u2019un Open Badge ? Les Open Badges sont des insignes num\u00e9riques qui permettent d\u2019attester officiellement de comp\u00e9tences, d\u2019engagements ou de r\u00e9alisations &hellip; <a href=\"https:\/\/learninglab.ensma.fr\/index.php\/open-badges\/\" class=\"more-link\">Continuer la lecture de <span class=\"screen-reader-text\">Open Badges<\/span>  <span class=\"meta-nav\">&rarr;<\/span><\/a><\/p>\n","protected":false},"author":7,"featured_media":0,"parent":0,"menu_order":0,"comment_status":"closed","ping_status":"closed","template":"","meta":{"footnotes":""},"class_list":["post-963","page","type-page","status-publish","hentry"],"_links":{"self":[{"href":"https:\/\/learninglab.ensma.fr\/index.php\/wp-json\/wp\/v2\/pages\/963","targetHints":{"allow":["GET"]}}],"collection":[{"href":"https:\/\/learninglab.ensma.fr\/index.php\/wp-json\/wp\/v2\/pages"}],"about":[{"href":"https:\/\/learninglab.ensma.fr\/index.php\/wp-json\/wp\/v2\/types\/page"}],"author":[{"embeddable":true,"href":"https:\/\/learninglab.ensma.fr\/index.php\/wp-json\/wp\/v2\/users\/7"}],"replies":[{"embeddable":true,"href":"https:\/\/learninglab.ensma.fr\/index.php\/wp-json\/wp\/v2\/comments?post=963"}],"version-history":[{"count":5,"href":"https:\/\/learninglab.ensma.fr\/index.php\/wp-json\/wp\/v2\/pages\/963\/revisions"}],"predecessor-version":[{"id":1009,"href":"https:\/\/learninglab.ensma.fr\/index.php\/wp-json\/wp\/v2\/pages\/963\/revisions\/1009"}],"wp:attachment":[{"href":"https:\/\/learninglab.ensma.fr\/index.php\/wp-json\/wp\/v2\/media?parent=963"}],"curies":[{"name":"wp","href":"https:\/\/api.w.org\/{rel}","templated":true}]}}